{"id":1644,"date":"2024-05-11T11:24:11","date_gmt":"2024-05-11T09:24:11","guid":{"rendered":"https:\/\/7cinquante.com\/?page_id=1644"},"modified":"2024-05-12T13:21:18","modified_gmt":"2024-05-12T11:21:18","slug":"consulting-et-accompagnement","status":"publish","type":"page","link":"https:\/\/7cinquante.com\/?page_id=1644","title":{"rendered":"Consulting et Accompagnement"},"content":{"rendered":"\t\t<div data-elementor-type=\"wp-page\" data-elementor-id=\"1644\" class=\"elementor elementor-1644\">\n\t\t\t\t\t\t<section class=\"elementor-section elementor-top-section elementor-element elementor-element-de9ae21 elementor-section-boxed elementor-section-height-default elementor-section-height-default\" data-id=\"de9ae21\" data-element_type=\"section\">\n\t\t\t\t\t\t<div class=\"elementor-container elementor-column-gap-default\">\n\t\t\t\t\t<div class=\"elementor-column elementor-col-100 elementor-top-column elementor-element elementor-element-2ce77b7\" data-id=\"2ce77b7\" data-element_type=\"column\">\n\t\t\t<div class=\"elementor-widget-wrap elementor-element-populated\">\n\t\t\t\t\t\t<section class=\"elementor-section elementor-inner-section elementor-element elementor-element-ff4812b elementor-section-boxed elementor-section-height-default elementor-section-height-default\" data-id=\"ff4812b\" data-element_type=\"section\">\n\t\t\t\t\t\t<div class=\"elementor-container elementor-column-gap-default\">\n\t\t\t\t\t<div class=\"elementor-column elementor-col-50 elementor-inner-column elementor-element elementor-element-de69ae7\" data-id=\"de69ae7\" data-element_type=\"column\">\n\t\t\t<div class=\"elementor-widget-wrap elementor-element-populated\">\n\t\t\t\t\t\t<div class=\"elementor-element elementor-element-9f2d2fe elementor-widget elementor-widget-image\" data-id=\"9f2d2fe\" data-element_type=\"widget\" data-widget_type=\"image.default\">\n\t\t\t\t<div class=\"elementor-widget-container\">\n\t\t\t\t\t\t\t\t\t\t\t\t\t\t\t<img decoding=\"async\" src=\"https:\/\/7cinquante.com\/wp-content\/uploads\/elementor\/thumbs\/cropped-logo_main_square_fav_ic-pgx4hoiwzudgb2z4zrr3ngr9tsd8nvbl8pfbs7vt0u.png\" title=\"cropped-logo_main_square_fav_ic.png\" alt=\"cropped-logo_main_square_fav_ic.png\" loading=\"lazy\" \/>\t\t\t\t\t\t\t\t\t\t\t\t\t\t\t<\/div>\n\t\t\t\t<\/div>\n\t\t\t\t\t<\/div>\n\t\t<\/div>\n\t\t\t\t<div class=\"elementor-column elementor-col-50 elementor-inner-column elementor-element elementor-element-c25dc24\" data-id=\"c25dc24\" data-element_type=\"column\">\n\t\t\t<div class=\"elementor-widget-wrap elementor-element-populated\">\n\t\t\t\t\t\t<div class=\"elementor-element elementor-element-21b95c5 elementor-widget elementor-widget-heading\" data-id=\"21b95c5\" data-element_type=\"widget\" data-widget_type=\"heading.default\">\n\t\t\t\t<div class=\"elementor-widget-container\">\n\t\t\t\t\t<h2 class=\"elementor-heading-title elementor-size-default\">Consulting et Accompagnement<\/h2>\t\t\t\t<\/div>\n\t\t\t\t<\/div>\n\t\t\t\t\t<\/div>\n\t\t<\/div>\n\t\t\t\t\t<\/div>\n\t\t<\/section>\n\t\t\t\t\t<\/div>\n\t\t<\/div>\n\t\t\t\t\t<\/div>\n\t\t<\/section>\n\t\t\t\t<section class=\"elementor-section elementor-top-section elementor-element elementor-element-0717f61 elementor-section-boxed elementor-section-height-default elementor-section-height-default\" data-id=\"0717f61\" data-element_type=\"section\">\n\t\t\t\t\t\t<div class=\"elementor-container elementor-column-gap-default\">\n\t\t\t\t\t<div class=\"elementor-column elementor-col-100 elementor-top-column elementor-element elementor-element-94e6646\" data-id=\"94e6646\" data-element_type=\"column\">\n\t\t\t<div class=\"elementor-widget-wrap elementor-element-populated\">\n\t\t\t\t\t\t<div class=\"elementor-element elementor-element-d745641 elementor-widget elementor-widget-text-editor\" data-id=\"d745641\" data-element_type=\"widget\" data-widget_type=\"text-editor.default\">\n\t\t\t\t<div class=\"elementor-widget-container\">\n\t\t\t\t\t\t\t\t\t<p>Dans un monde o\u00f9 la digitalisation transforme radicalement les secteurs industriels, les entreprises se voient constamment confront\u00e9es \u00e0 la n\u00e9cessit\u00e9 d&rsquo;adapter et d&rsquo;optimiser leurs processus pour rester comp\u00e9titives. Notre section \u00ab\u00a0Consulting et Accompagnement\u00a0\u00bb est d\u00e9di\u00e9e \u00e0 guider les organisations \u00e0 travers les d\u00e9fis complexes de la transformation num\u00e9rique, en offrant une expertise sp\u00e9cialis\u00e9e dans la production industrielle. Nous vous aidons \u00e0 emprunter le parcours souvent intimidant de la digitalisation, depuis le pilotage et la gestion de projets d&rsquo;impl\u00e9mentation de syst\u00e8mes IT jusqu&rsquo;\u00e0 la mise en \u0153uvre de technologies avanc\u00e9es, qui apportent de la valeur \u00e0 votre organisation.<\/p><p>Notre approche vise \u00e0 harmoniser la technologie avec les besoins m\u00e9tier sp\u00e9cifiques de chaque client, en mettant l&rsquo;accent sur l&rsquo;optimisation des flux de production, l&rsquo;am\u00e9lioration de la gestion des stocks, et l&rsquo;augmentation de la mobilit\u00e9 au sein des op\u00e9rations industrielles. Par cette d\u00e9marche, nous aspirons non seulement \u00e0 am\u00e9liorer la performance op\u00e9rationnelle, mais aussi \u00e0 instaurer une culture d&rsquo;innovation continue au sein de votre entreprise. Gr\u00e2ce \u00e0 notre accompagnement, transformez vos d\u00e9fis en opportunit\u00e9s et prenez une longueur d&rsquo;avance dans un paysage industriel en \u00e9volution rapide.IT<\/p>\t\t\t\t\t\t\t\t<\/div>\n\t\t\t\t<\/div>\n\t\t\t\t\t<\/div>\n\t\t<\/div>\n\t\t\t\t\t<\/div>\n\t\t<\/section>\n\t\t\t\t<section class=\"elementor-section elementor-top-section elementor-element elementor-element-9e9ba5a elementor-section-boxed elementor-section-height-default elementor-section-height-default\" data-id=\"9e9ba5a\" data-element_type=\"section\">\n\t\t\t\t\t\t<div class=\"elementor-container elementor-column-gap-default\">\n\t\t\t\t\t<div class=\"elementor-column elementor-col-100 elementor-top-column elementor-element elementor-element-7cd3463\" data-id=\"7cd3463\" data-element_type=\"column\">\n\t\t\t<div class=\"elementor-widget-wrap elementor-element-populated\">\n\t\t\t\t\t\t<div class=\"elementor-element elementor-element-df4a5a9 elementor-widget elementor-widget-heading\" data-id=\"df4a5a9\" data-element_type=\"widget\" data-widget_type=\"heading.default\">\n\t\t\t\t<div class=\"elementor-widget-container\">\n\t\t\t\t\t<h2 class=\"elementor-heading-title elementor-size-default\">Normandie LOVER !!!!<\/h2>\t\t\t\t<\/div>\n\t\t\t\t<\/div>\n\t\t\t\t<div class=\"elementor-element elementor-element-3831831 elementor-widget elementor-widget-html\" data-id=\"3831831\" data-element_type=\"widget\" data-widget_type=\"html.default\">\n\t\t\t\t<div class=\"elementor-widget-container\">\n\t\t\t\t\t<div id=\"daily-normandy-image\">\n  <img decoding=\"async\" id=\"unsplash-image\" src=\"\" alt=\"Daily Normandy Image\">\n<\/div>\n\n<script>\n  fetch('https:\/\/api.unsplash.com\/photos\/random?query=normandy&&orientation=landscape&client_id=YyNmuy9z_qFLzC8jkSuJ5Sy7I1LufRael9RduiHaVv0')\n  .then(response => response.json())\n  .then(data => {\n    document.getElementById('unsplash-image').src = data.urls.regular;\n  })\n  .catch(err => {\n    console.error('Error fetching image from Unsplash:', err);\n    document.getElementById('daily-normandy-image').innerHTML = 'Cannot load image.';\n  });\n<\/script>\n\t\t\t\t<\/div>\n\t\t\t\t<\/div>\n\t\t\t\t\t<\/div>\n\t\t<\/div>\n\t\t\t\t\t<\/div>\n\t\t<\/section>\n\t\t\t\t<\/div>\n\t\t","protected":false},"excerpt":{"rendered":"<p>Consulting et Accompagnement Dans un monde o\u00f9 la digitalisation transforme radicalement les secteurs industriels, les entreprises se voient constamment confront\u00e9es \u00e0 la n\u00e9cessit\u00e9 d&rsquo;adapter et d&rsquo;optimiser leurs processus pour rester comp\u00e9titives. Notre section \u00ab\u00a0Consulting et Accompagnement\u00a0\u00bb est d\u00e9di\u00e9e \u00e0 guider les organisations \u00e0 travers les d\u00e9fis complexes de la transformation num\u00e9rique, en offrant une expertise&hellip;<\/p>\n","protected":false},"author":1,"featured_media":0,"parent":0,"menu_order":0,"comment_status":"closed","ping_status":"closed","template":"","meta":{"_exactmetrics_skip_tracking":false,"_exactmetrics_sitenote_active":false,"_exactmetrics_sitenote_note":"","_exactmetrics_sitenote_category":0,"footnotes":""},"class_list":["post-1644","page","type-page","status-publish","hentry"],"_links":{"self":[{"href":"https:\/\/7cinquante.com\/index.php?rest_route=\/wp\/v2\/pages\/1644","targetHints":{"allow":["GET"]}}],"collection":[{"href":"https:\/\/7cinquante.com\/index.php?rest_route=\/wp\/v2\/pages"}],"about":[{"href":"https:\/\/7cinquante.com\/index.php?rest_route=\/wp\/v2\/types\/page"}],"author":[{"embeddable":true,"href":"https:\/\/7cinquante.com\/index.php?rest_route=\/wp\/v2\/users\/1"}],"replies":[{"embeddable":true,"href":"https:\/\/7cinquante.com\/index.php?rest_route=%2Fwp%2Fv2%2Fcomments&post=1644"}],"version-history":[{"count":3,"href":"https:\/\/7cinquante.com\/index.php?rest_route=\/wp\/v2\/pages\/1644\/revisions"}],"predecessor-version":[{"id":1661,"href":"https:\/\/7cinquante.com\/index.php?rest_route=\/wp\/v2\/pages\/1644\/revisions\/1661"}],"wp:attachment":[{"href":"https:\/\/7cinquante.com\/index.php?rest_route=%2Fwp%2Fv2%2Fmedia&parent=1644"}],"curies":[{"name":"wp","href":"https:\/\/api.w.org\/{rel}","templated":true}]}}